 14669
What are the prime factors of 888387154?
2, 103, 4312559
List the prime factors of 78115971.
3, 463, 56239
List the prime factors of 2056147798.
2, 3769, 272771
What are the prime factors of 2456196875?
5, 11, 71453
List the prime factors of 67946228.
2, 7, 2426651
What are the prime factors of 30124663?
17, 173, 10243
What are the prime factors of 887824590?
2, 3, 5, 19, 349, 4463
List the prime factors of 37901193.
3, 11, 263, 397
List the prime factors of 515626424.
2, 71, 907793
What are the prime factors of 684614241?
3, 67, 378449
List the prime factors of 905033269.
7, 47, 2750861
What are the prime factors of 76395632?
2, 4774727
List the prime factors of 80001644.
2, 1559, 12829
List the prime factors of 820426886.
2, 410213443
List the prime factors of 1451964193.
3793, 382801
List the prime factors of 20501134.
2, 10250567
What are the prime factors of 37543407?
3, 11, 79, 14401
List the prime factors of 54747456.
2, 3, 313, 911
What are the prime factors of 171412142?
2, 11, 1039, 7499
What are the prime factors of 494633162?
2, 5479, 45139
List the prime factors of 84930564.
2, 3, 89, 281, 283
What are the prime factors of 27680995?
5, 37, 149627
List the prime factors of 4493962259.
4493962259
What are the prime factors of 33529997?
139, 463, 521
What are the prime factors of 2125022786?
2, 67, 15858379
List the prime factors of 1905248494.
2, 47, 20268601
What are the prime factors of 88248489?
3, 7, 349, 12041
What are the prime factors of 770947574?
2, 385473787
What are the prime factors of 31291560?
2, 3, 5, 17, 5113
List the prime factors of 5896466.
2, 2948233
What are the prime factors of 62725064?
2, 37, 89, 2381
What are the prime factors of 150978143?
5573, 27091
List the prime factors of 909612234.
2, 3, 17, 23, 67, 643
What are the prime factors of 9152175?
3, 5, 122029
List the prime factors of 1201699047.
3, 400566349
What are the prime factors of 84811164?
2, 3, 17, 31, 13411
What are the prime factors of 928342334?
2, 14669, 31643
What are the prime factors of 1280298156?
2, 3, 106691513
List the prime factors of 43130903.
769, 56087
List the prime factors of 652201932.
2, 3, 31, 907, 1933
List the prime factors of 1309445587.
17, 59, 229, 5701
What are the prime factors of 963663597?
3, 13, 8236441
List the prime factors of 1487718925.
5, 7, 11, 59, 13099
What are the prime factors of 1314399814?
2, 7, 13, 23, 31, 1447
List the prime factors of 7687773655.
5, 20887, 73613
List the prime factors of 5800151530.
2, 5, 580015153
List the prime factors of 3032169340.
2, 5, 19, 787, 10139
List the prime factors of 15909923.
47, 167, 2027
What are the prime factors of 7242169?
11, 658379
What are the prime factors of 494820712?
2, 23, 2689243
What are the prime factors of 3656300465?
5, 731260093
List the prime factors of 246599262.
2, 3, 7, 13, 67, 107
List the prime factors of 1782785176.
2, 317, 702991
List the prime factors of 1164363688.
2, 29, 1879, 2671
List the prime factors of 1111012.
2, 7, 39679
What are the prime factors of 1980566420?
2, 5, 7, 2399, 5897
What are the prime factors of 160773759?
3, 17863751
What are the prime factors of 6167966975?
5, 3547, 69557
What are the prime factors of 209504523?
3, 7993, 8737
List the prime factors of 41225196.
2, 3, 653, 5261
What are the prime factors of 312970097?
11, 41, 359, 1933
What are the prime factors of 6725700?
2, 3, 5, 47, 53
List the prime factors of 2272151475.
3, 5, 11, 918041
What are the prime factors of 102620782?
2, 11, 4664581
List the prime factors of 331634054.
2, 67, 2474881
What are the prime factors of 221356?
2, 55339
What are the prime factors of 27354548?
2, 13, 526049
What are the prime factors of 525378344?
2, 1811, 36263
What are the prime factors of 339796865?
5, 67, 1014319
List the prime factors of 64285415.
5, 17, 139, 5441
What are the prime factors of 29415300?
2, 3, 5, 71, 1381
What are the prime factors of 31760125?
5, 23, 11047
List the prime factors of 574413039.
3, 7091519
List the prime factors of 386438830.
2, 5, 38643883
What are the prime factors of 3221748?
2, 3, 23, 1297
List the prime factors of 1546317830.
2, 5, 23, 6723121
What are the prime factors of 4647838555?
5, 29, 32054059
What are the prime factors of 230651890?
2, 5, 7, 3295027
What are the prime factors of 89925920?
2, 5, 7, 17, 4723
List the prime factors of 5187686945.
5, 7, 19, 7801033
What are the prime factors of 27654126?
2, 3, 59, 191, 409
What are the prime factors of 44443788?
2, 3, 3703649
List the prime factors of 218629839.
3, 72876613
List the prime factors of 50686942.
2, 25343471
List the prime factors of 34801891.
173, 201167
List the prime factors of 200428839.
3, 13, 499, 3433
What are the prime factors of 6309910503?
3, 13, 1571, 11443
List the prime factors of 1269174685.
5, 241, 1053257
What are the prime factors of 982664075?
5, 23, 1708981
What are the prime factors of 1447639979?
13109, 110431
What are the prime factors of 4499472622?
2, 107, 619, 33967
What are the prime factors of 2394157038?
2, 3, 7, 13, 863, 5081
What are the prime factors of 3306785315?
5, 9433, 70111
List the prime factors of 147397007.
147397007
List the prime factors of 496623367.
496623367
What are the prime factors of 62166297?
3, 17, 53, 109, 211
List the prime factors of 124814895.
3, 5, 19, 437947
List the prime factors of 76171704.
2, 3, 7, 73, 6211
List the prime factors of 228681750.
2, 3, 5, 11, 53, 523
List the prime factors of 132110908.
2, 691, 47797
What are the prime factors of 241384405?
5, 317, 152293
What are the prime factors of 4962026132?
2, 7, 71, 107, 23327
What are the prime factors of 15244486?
2, 2017, 3779
List the prime factors of 36845773.
1759, 20947
What are the prime factors of 4967261515?
5, 373, 1049, 2539
What are the prime factors of 20780671?
2143, 9697
What are the prime factors of 47736000?
2, 3, 5, 13, 17
What are the prime factors of 525993413?
11, 17, 255709
List the prime factors of 172442694.
2, 3, 739, 38891
What are the prime factors of 437134774?
2, 218567387
What are the prime factors of 29952999?
3, 3328111
What are the prime factors of 1321787934?
2, 3, 19, 367, 10531
What are the prime factors of 443562679?
7, 63366097
List the prime factors of 427279139.
7, 17, 439, 8179
List the prime factors of 122967568.
2, 23, 389, 859
What are the prime factors of 4367150705?
5, 873430141
What are the prime factors of 34668483?
3, 19, 353, 1723
List the prime factors of 88972321.
89, 137, 7297
List the prime factors of 320468142.
2, 3, 31, 521, 3307
What are the prime factors of 1284818565?
3, 5, 85654571
List the prime factors of 64285529.
7, 11, 23, 36299
List the prime factors of 1637105258.
2, 818552629
What are the prime factors of 94037801?
11, 13, 657607
What are the prime factors of 13049871?
3, 71, 197, 311
List the prime factors of 268912839.
3, 13, 6895201
What are the prime factors of 158577744?
2, 3, 13, 67, 3793
List the prime factors of 76675627.
7, 17, 281, 2293
List the prime factors of 439737283.
17, 109, 307, 773
List the prime factors of 24880778.
2, 13, 956953
What are the prime factors of 34941495?
3, 5, 31, 163, 461
List the prime factors of 49834180.
2, 5, 11, 29, 73, 107
List the prime factors of 44246373.
3, 29, 508579
What are the prime factors of 61804138?
2, 11, 41, 6229
List the prime factors of 63446531.
63446531
List the prime factors of 117408814.
2, 58704407
List the prime factors of 772034521.
772034521
List the prime factors of 2909890340.
2, 5, 7, 17, 1222643
List the prime factors of 39300356.
2, 3079, 3191
What are the prime factors of 1518850318?
2, 71, 10696129
List the prime factors of 70614275.
5, 29, 173, 563
What are the prime factors of 591732608?
2, 4622911
List the prime factors of 168095223.
3, 19, 29, 11299
What are the prime factors of 90684562?
2, 17, 2667193
What are the prime factors of 5745043771?
397, 14471143
List the prime factors of 918121756.
2, 53, 4330763
What are the prime factors of 486462025?
5, 7, 2779783
List the prime factors of 374036511.
3, 23, 5420819
What are the prime factors of 32328662?
2, 17, 23, 41341
What are the prime factors of 1211570442?
2, 3, 67309469
List the prime factors of 278132400.
2, 3, 5, 7, 13, 283
List the prime fac